2 (base 4) to base 5.
20
302 (base 9) to base 7
500
What is 4 (base 13) in base 2?
100
-54 (base 8) to base 16
-2c
Convert 2 (base 9) to base 3.
2
Convert -2 (base 4) to base 2.
-10
What is -32 (base 7) in base 15?
-18
What is 131 (base 9) in base 12?
91
Convert 13 (base 7) to base 15.
a
Convert -3 (base 10) to base 8.
-3
13 (base 15) to base 10
18
205 (base 7) to base 8
147
13 (base 14) to base 10
17
What is 0 (base 8) in base 7?
0
-41 (base 10) to base 15
-2b
-10011101 (base 2) to base 4
-2131
342 (base 6) to base 13
a4
What is 6 (base 7) in base 4?
12
What is -c (base 15) in base 2?
-1100
Convert 2 (base 7) to base 11.
2
What is 111 (base 2) in base 4?
13
Convert -1011110 (base 2) to base 8.
-136
10 (base 11) to base 4
23
-5 (base 10) to base 12
-5
Convert 5 (base 14) to base 4.
11
Convert -4 (base 10) to base 8.
-4
-20 (base 11) to base 6
-34
Convert -13 (base 13) to base 6.
-24
Convert 174 (base 8) to base 15.
84
Convert 210 (base 3) to base 10.
21
80 (base 14) to base 12
94
What is 122 (base 3) in base 16?
11
Convert 1 (base 16) to base 8.
1
Convert 1 (base 16) to base 5.
1
Convert 0 (base 4) to base 12.
0
What is 20 (base 11) in base 10?
22
Convert -1 (base 11) to base 12.
-1
-40 (base 11) to base 14
-32
12 (base 9) to base 10
11
What is -205 (base 6) in base 10?
-77
What is -421 (base 5) in base 7?
-216
What is 5 (base 12) in base 10?
5
21 (base 4) to base 10
9
Convert -1 (base 2) to base 13.
-1
1402 (base 5) to base 12
16b
What is 36 (base 7) in base 2?
11011
What is 15 (base 11) in base 15?
11
Convert 2 (base 10) to base 3.
2
Convert -6 (base 15) to base 8.
-6
10 (base 9) to base 16
9
Convert 2 (base 13) to base 12.
2
-1e (base 15) to base 2
-11101
-30 (base 4) to base 3
-110
0 (base 12) to base 8
0
Convert 3 (base 10) to base 3.
10
Convert -2120 (base 4) to base 5.
-1102
What is a8 (base 14) in base 9?
174
What is 0 (base 4) in base 5?
0
-11 (base 13) to base 7
-20
What is 13 (base 10) in base 9?
14
Convert 47 (base 9) to base 3.
1121
Convert 66 (base 7) to base 6.
120
-151 (base 10) to base 5
-1101
Convert -2 (base 16) to base 12.
-2
Convert -40 (base 7) to base 11.
-26
What is -1011001 (base 2) in base 7?
-155
What is -200 (base 5) in base 4?
-302
What is -10 (base 11) in base 7?
-14
What is 21 (base 7) in base 8?
17
Convert 313 (base 8) to base 16.
cb
What is 126 (base 7) in base 2?
1000101
What is 11100 (base 2) in base 4?
130
-3b (base 16) to base 3
-2012
What is -112 (base 3) in base 7?
-20
26 (base 11) to base 5
103
-1001010 (base 2) to base 12
-62
What is -1102 (base 3) in base 5?
-123
Convert -20 (base 3) to base 7.
-6
10 (base 15) to base 7
21
Convert -166 (base 7) to base 15.
-67
0 (base 12) to base 5
0
What is -10 (base 5) in base 4?
-11
75 (base 12) to base 11
81
What is 15 (base 14) in base 2?
10011
What is 0 (base 10) in base 3?
0
Convert 181 (base 15) to base 13.
208
Convert 40 (base 5) to base 12.
18
Convert -67 (base 8) to base 3.
-2001
Convert 4 (base 6) to base 11.
4
0 (base 2) to base 11
0
What is 346 (base 8) in base 5?
1410
What is -1424 (base 6) in base 13?
-22c
What is 22 (base 4) in base 14?
a
Convert -325 (base 6) to base 4.
-1331
Convert -41 (base 13) to base 4.
-311
Convert 2 (base 11) to base 9.
2
What is -133 (base 5) in base 10?
-43
What is 38 (base 10) in base 6?
102
-1 (base 6) to base 11
-1
-6 (base 15) to base 16
-6
Convert 1 (base 13) to base 15.
1
4 (base 5) to base 16
4
Convert 1 (base 10) to base 5.
1
2 (base 14) to base 11
2
1241 (base 5) to base 6
524
13 (base 4) to base 3
21
0 (base 2) to base 14
0
What is -10 (base 6) in base 15?
-6
22 (base 9) to base 15
15
Convert 2 (base 13) to base 2.
10
Convert -18 (base 15) to base 10.
-23
Convert -1 (base 8) to base 16.
-1
122 (base 12) to base 14
c2
What is -45 (base 10) in base 8?
-55
6 (base 8) to base 5
11
What is 2 (base 13) in base 7?
2
Convert -3b (base 15) to base 10.
-56
-13 (base 10) to base 5
-23
-15 (base 10) to base 6
-23
-3 (base 12) to base 14
-3
Convert 14 (base 9) to base 13.
10
What is 1211 (base 4) in base 15?
6b
What is -a (base 16) in base 11?
-a
140 (base 5) to base 8
55
Convert 32 (base 5) to base 3.
122
What is -1 (base 13) in base 3?
-1
Convert 3c (base 14) to base 4.
312
Convert -11 (base 9) to base 4.
-22
-20 (base 6) to base 7
-15
Convert -50 (base 6) to base 5.
-110
What is 15 (base 11) in base 4?
100
19 (base 13) to base 11
20
Convert 9 (base 14) to base 9.
10
10 (base 5) to base 4
11
Convert 32 (base 13) to base 5.
131
Convert -100 (base 2) to base 13.
-4
What is -4 (base 7) in base 8?
-4
-35 (base 10) to base 12
-2b
What is -18 (base 10) in base 3?
-200
Convert 3 (base 15) to base 2.
11
Convert -10 (base 5) to base 7.
-5
What is -1 (base 9) in base 5?
-1
37 (base 11) to base 15
2a
Convert -11312 (base 4) to base 3.
-111212
Convert -25 (base 10) to base 15.
-1a
Convert 91 (base 12) to base 4.
1231
-3 (base 4) to base 12
-3
Convert -13 (base 4) to base 11.
-7
Convert 102 (base 10) to base 7.
204
What is -22 (base 13) in base 11?
-26
Convert 122 (base 4) to base 8.
32
What is -111 (base 2) in base 9?
-7
-104 (base 5) to base 3
-1002
Convert 123 (base 4) to base 11.
25
-1 (base 11) to base 2
-1
What is -14 (base 5) in base 8?
-11
What is -1 (base 5) in base 2?
-1
173 (base 12) to base 15
106
Convert -63 (base 7) to base 8.
-55
Convert -5 (base 8) to base 16.
-5
2332 (base 5) to base 13
204
-1101 (base 3) to base 14
-29
What is -16 (base 10) in base 12?
-14
-4 (base 6) to base 9
-4
Convert -3 (base 16) to base 14.
-3
What is 3 (base 6) in base 11?
3
-2131 (base 4) to base 14
-b3
Convert 107 (base 10) to base 2.
1101011
What is 16 (base 12) in base 11?
17
What is -23 (base 8) in base 11?
-18
What is -41 (base 7) in base 10?
-29
11122 (base 3) to base 8
175
Convert 101 (base 2) to base 15.
5
143 (base 7) to base 9
88
What is 86 (base 12) in base 15?
6c
What is 13 (base 8) in base 13?
b
1 (base 10) to base 6
1
-24 (base 6) to base 10
-16
What is -8 (base 10) in base 5?
-13
What is -1201 (base 3) in base 6?
-114
What is -46 (base 13) in base 2?
-111010
What is -2 (base 13) in base 5?
-2
-1 (base 2) to base 6
-1
Convert -82 (base 11) to base 5.
-330
What is 50 (base 12) in base 15?
40
Convert -5 (base 13) to base 14.
-5
2022 (base 3) to base 7
116
Convert -2 (base 11) to base 5.
-2
What is -c9 (base 15) in base 16?
-bd
What is -1 (base 4) in base 10?
-1
Convert -3 (base 10) to base 13.
-3
What is 186 (base 16) in base 6?
1450
Convert 435 (base 8) to base 15.
140
-301 (base 4) to base 3
-1211
What is 1 (base 13) in base 3?
1
Convert 132 (base 7) to base 16.
48
Convert 11 (base 7) to base 15.
8
25 (base 8) to base 7
30
What is -2 (base 16) in base 15?
-2
Convert 55 (base 10) to base 3.
2001
3c (base 13) to base 11
47
Convert 5 (base 10) to base 8.
5
Convert -2 (base 10) to base 6.
-2
What is -2 (base 12) in base 16?
-2
4 (base 13) to base 15
4
1 (base 3) to base 5
1
What is -11 (base 2) in base 4?
-3
Convert -11011101 (base 2) to base 7.
-434
What is 1 (base 5) in base 9?
1
241 (base 5) to base 13
56
Convert -4 (base 16) to base 4.
-10
6 (base 12) to base 4
12
11 (base 2) to base 11
3
What is -2 (base 15) in base 5?
-2
Convert -7 (base 9) to base 15.
-7
Convert 251 (base 6) to base 4.
1213
Convert 17 (base 9) to base 10.
16
Convert -59 (base 16) to base 4.
-1121
-2 (base 3) to base 11
-2
What is -10 (base 4) in base 11?
-4
Convert 1 (base 12) to base 4.
1
Convert -1a (base 11) to base 9.
-23
20 (base 3) to base 16
6
Convert 15 (base 7) to base 12.
10
What is -11000 (base 3) in base 8?
-154
Convert -2 (base 5) to base 12.
-2
What is c5 (base 16) in base 13?
122
52 (base 15) to base 3
2212
b (base 13) to base 16
b
-1 (base 8) to base 4
-1
2001 (base 3) to base 13
43
What is -13 (base 11) in base 16?
-e
-10 (base 3) to base 16
-3
Convert 1040 (base 5) to base 13.
b2
1000 (base 3) to base 13
21
Convert -32 (base 5) to base 16.
-11
What is 87 (base 12) in base 15?
6d
-4 (base 8) to base 2
-100
What is 1 (base 2) in base 8?
1
Convert 1101 (base 2) to base 10.
13
Convert 23 (base 4) to base 14.
b
163 (base 7) to base 9
114
172 (base 11) to base 10
200
101221 (base 3) to base 10
295
11 (base 2) to base 13
3
Convert 1 (base 7) to base 6.
1
Convert -11103 (base 4) to base 5.
-2324
-56 (base 12) to base 9
-73
-24 (base 11) to base 5
-1